r when 218410 is divided by 9.
7
What is the remainder when 1688305 is divided by 173?
171
What is the remainder when 27264 is divided by 1511?
66
Calculate the remainder when 162956 is divided by 162952.
4
What is the remainder when 2789 is divided by 1269?
251
What is the remainder when 4193 is divided by 2050?
93
Calculate the remainder when 4320 is divided by 289.
274
What is the remainder when 26451 is divided by 26262?
189
What is the remainder when 273 is divided by 7?
0
Calculate the remainder when 1380 is divided by 298.
188
Calculate the remainder when 3512 is divided by 354.
326
What is the remainder when 16226 is divided by 48?
2
Calculate the remainder when 981713 is divided by 245.
243
What is the remainder when 234235 is divided by 1455?
1435
Calculate the remainder when 137457 is divided by 34359.
21
What is the remainder when 51586 is divided by 12?
10
What is the remainder when 8004 is divided by 285?
24
Calculate the remainder when 3536 is divided by 391.
17
What is the remainder when 2047 is divided by 103?
90
Calculate the remainder when 1805 is divided by 886.
33
Calculate the remainder when 180961 is divided by 17.
13
Calculate the remainder when 1188657 is divided by 66.
63
Calculate the remainder when 19028 is divided by 4750.
28
Calculate the remainder when 43796 is divided by 212.
124
Calculate the remainder when 80707 is divided by 26.
3
What is the remainder when 17057 is divided by 1124?
197
What is the remainder when 3061013 is divided by 204?
197
Calculate the remainder when 1434 is divided by 406.
216
What is the remainder when 1496 is divided by 248?
8
Calculate the remainder when 45538 is divided by 30.
28
Calculate the remainder when 18602 is divided by 9258.
86
Calculate the remainder when 97617 is divided by 734.
729
Calculate the remainder when 2802 is divided by 92.
42
What is the remainder when 17551 is divided by 106?
61
What is the remainder when 803641 is divided by 419?
418
What is the remainder when 720 is divided by 603?
117
What is the remainder when 1457797 is divided by 100?
97
Calculate the remainder when 28397 is divided by 284.
281
Calculate the remainder when 5697 is divided by 345.
177
What is the remainder when 265479 is divided by 5105?
19
What is the remainder when 4773948 is divided by 1827?
1824
Calculate the remainder when 3939907 is divided by 518.
517
What is the remainder when 2191 is divided by 1090?
11
What is the remainder when 109519 is divided by 12166?
25
Calculate the remainder when 1671 is divided by 152.
151
Calculate the remainder when 11883 is divided by 39.
27
What is the remainder when 21995 is divided by 16?
11
Calculate the remainder when 3065277 is divided by 20.
17
What is the remainder when 10079 is divided by 4674?
731
What is the remainder when 12499 is divided by 14?
11
What is the remainder when 10854 is divided by 1772?
222
What is the remainder when 8472 is divided by 2110?
32
Calculate the remainder when 501459 is divided by 17.
10
Calculate the remainder when 11498 is divided by 69.
44
What is the remainder when 3273 is divided by 519?
159
What is the remainder when 37065 is divided by 51?
39
What is the remainder when 9108796 is divided by 200?
196
Calculate the remainder when 1513 is divided by 156.
109
What is the remainder when 7126 is divided by 28?
14
What is the remainder when 47138 is divided by 10?
8
Calculate the remainder when 26182 is divided by 2605.
132
Calculate the remainder when 860 is divided by 167.
25
What is the remainder when 2737 is divided by 1258?
221
What is the remainder when 1724 is divided by 941?
783
Calculate the remainder when 496 is divided by 153.
37
Calculate the remainder when 19016 is divided by 18854.
162
What is the remainder when 324035 is divided by 70?
5
What is the remainder when 108800 is divided by 5180?
20
Calculate the remainder when 63728 is divided by 73.
72
Calculate the remainder when 3055 is divided by 144.
31
Calculate the remainder when 47746 is divided by 1834.
62
What is the remainder when 351778 is divided by 20?
18
What is the remainder when 10888 is divided by 2721?
4
What is the remainder when 226763 is divided by 95?
93
Calculate the remainder when 266195 is divided by 25.
20
Calculate the remainder when 67295 is divided by 75.
20
What is the remainder when 15839 is divided by 466?
461
What is the remainder when 103338 is divided by 8?
2
Calculate the remainder when 1264488 is divided by 233.
230
What is the remainder when 376583 is divided by 125524?
11
What is the remainder when 744460 is divided by 350?
10
What is the remainder when 181111 is divided by 11?
7
What is the remainder when 800 is divided by 395?
10
What is the remainder when 245 is divided by 149?
96
What is the remainder when 142551 is divided by 304?
279
What is the remainder when 182717 is divided by 1121?
1115
Calculate the remainder when 28796 is divided by 85.
66
Calculate the remainder when 92108 is divided by 30688.
44
Calculate the remainder when 130993 is divided by 355.
353
Calculate the remainder when 125253 is divided by 102.
99
What is the remainder when 178807 is divided by 163?
159
What is the remainder when 1395933 is divided by 5?
3
Calculate the remainder when 105637 is divided by 556.
553
What is the remainder when 4191791 is divided by 45?
41
What is the remainder when 3144 is divided by 29?
12
What is the remainder when 36039 is divided by 46?
21
What is the remainder when 27263 is divided by 96?
95
Calculate the remainder when 2271 is divided by 2216.
55
What is the remainder when 55100 is divided by 330?
320
Calculate the remainder when 100480 is divided by 948.
940
What is the remainder when 58846 is divided by 29423?
0
What is the remainder when 15533 is divided by 5138?
119
What is the remainder when 1200 is divided by 201?
195
What is the remainder when 226522 is divided by 258?
256
What is the remainder when 96425 is divided by 24099?
29
What is the remainder when 1575 is divided by 28?
7
Calculate the remainder when 83613 is divided by 27863.
24
What is the remainder when 479 is divided by 84?
59
What is the remainder when 60694 is divided by 15171?
10
What is the remainder when 2542 is divided by 286?
254
Calculate the remainder when 222806 is divided by 21.
17
Calculate the remainder when 119674 is divided by 77.
16
What is the remainder when 5014 is divided by 94?
32
What is the remainder when 55354 is divided by 989?
959
What is the remainder when 9826 is divided by 228?
22
Calculate the remainder when 2392 is divided by 938.
516
Calculate the remainder when 4589 is divided by 721.
263
What is the remainder when 283 is divided by 132?
19
What is the remainder when 2060 is divided by 680?
20
Calculate the remainder when 621 is divided by 194.
39
Calculate the remainder when 39782 is divided by 109.
106
Calculate the remainder when 10455 is divided by 307.
17
What is the remainder when 7315 is divided by 397?
169
What is the remainder when 32893 is divided by 803?
773
Calculate the remainder when 269189 is divided by 3.
2
What is the remainder when 157581 is divided by 1515?
21
Calculate the remainder when 100681 is divided by 81.
79
What is the remainder when 9235 is divided by 886?
375
What is the remainder when 27879 is divided by 2533?
16
Calculate the remainder when 94795 is divided by 47.
43
What is the remainder when 1930 is divided by 583?
181
What is the remainder when 147506 is divided by 133?
9
Calculate the remainder when 287707 is divided by 68.
67
What is the remainder when 139 is divided by 46?
1
Calculate the remainder when 5855 is divided by 5771.
84
What is the remainder when 2245055 is divided by 1083?
1079
What is the remainder when 53578 is divided by 73?
69
What is the remainder when 6599 is divided by 939?
26
Calculate the remainder when 3742 is divided by 253.
200
What is the remainder when 4209 is divided by 520?
49
Calculate the remainder when 22538 is divided by 161.
159
What is the remainder when 2811034 is divided by 32?
26
What is the remainder when 66753 is divided by 758?
49
What is the remainder when 5273 is divided by 176?
169
What is the remainder when 61014 is divided by 884?
18
What is the remainder when 2987074 is divided by 458?
456
What is the remainder 